{"id":3060771000,"date":"2026-04-30T12:39:57","date_gmt":"2026-04-30T12:39:57","guid":{"rendered":"https:\/\/kastelgroup.ro\/?post_type=property&p=3060771000"},"modified":"2026-04-30T12:39:57","modified_gmt":"2026-04-30T12:39:57","slug":"inchiriere-vila-cocheta-vatra-luminoasa-aura-buzescu-i-comision-0-cp3060771","status":"publish","type":"property","link":"https:\/\/kastelgroup.ro\/en\/property\/inchiriere-vila-cocheta-vatra-luminoasa-aura-buzescu-i-comision-0-cp3060771\/","title":{"rendered":"Inchiriere vila cocheta &#8211; Vatra Luminoasa &#8211; Aura Buzescu I Comision 0%"},"content":{"rendered":"<p>V\u0103 propunem spre \u00eenchiriere o vil\u0103 cochet\u0103, situat\u0103 \u00een zona Vatra Luminoas\u0103, pe strada Aura Buzescu, \u00eentr-un cadru lini\u0219tit \u0219i bine conectat la ora\u0219.<\/p>\n<p>Imobilul are o suprafa\u021b\u0103 util\u0103 de aproximativ 120 mp \u0219i este dispus pe Parter + Etaj 1 + Mansard\u0103, av\u00e2nd urm\u0103toarea compartimentare:<\/p>\n<p>Parter: buc\u0103t\u0103rie \u00eenchis\u0103, living, pivni\u021b\u0103<br \/>\nEtaj 1: 2 dormitoare \u0219i o baie<br \/>\nMansard\u0103: open space \u0219i o baie<\/p>\n<p>Proprietatea se \u00eenchiriaz\u0103 complet mobilat\u0103 \u0219i utilat\u0103, fiind preg\u0103tit\u0103 pentru mutare imediat\u0103.<\/p>\n<p>Beneficiaz\u0103 de curte liber\u0103, cu o suprafa\u021b\u0103 de 80 , ideal\u0103 pentru relaxare sau petrecerea timpului \u00een aer liber.<\/p>\n<p>???? Zona ofer\u0103 acces facil c\u0103tre magazine, mijloace de transport, \u0219coli \u0219i alte puncte de interes.<\/p>\n<p>???? Pre\u021b de \u00eenchiriere: 1600 euro\/lun\u0103<\/p>\n<p>Pentru mai multe detalii sau programarea unei vizion\u0103ri, v\u0103 st\u0103m la dispozi\u021bie.<\/p>","protected":false},"excerpt":{"rendered":"<p>V\u0103 propunem spre \u00eenchiriere o vil\u0103 cochet\u0103, situat\u0103 \u00een zona Vatra Luminoas\u0103, pe strada Aura Buzescu, \u00eentr-un cadru lini\u0219tit \u0219i bine conectat la ora\u0219. Imobilul are o suprafa\u021b\u0103 util\u0103 de aproximativ 120 mp \u0219i este dispus pe Parter + Etaj 1 + Mansard\u0103, av\u00e2nd urm\u0103toarea compartimentare: Parter: buc\u0103t\u0103rie \u00eenchis\u0103, living, pivni\u021b\u0103 Etaj 1: 2 dormitoare [&hellip;]<\/p>\n","protected":false},"author":1,"featured_media":3060771001,"parent":0,"menu_order":0,"comment_status":"closed","ping_status":"closed","template":"","property-types":[49],"property-statuses":[64],"property-cities":[17999],"property-features":[17681,17722,17723,17724,17725,17726,17683,17727,17684,17682,17728,17721],"_links":{"self":[{"href":"https:\/\/kastelgroup.ro\/en\/wp-json\/wp\/v2\/properties\/3060771000"}],"collection":[{"href":"https:\/\/kastelgroup.ro\/en\/wp-json\/wp\/v2\/properties"}],"about":[{"href":"https:\/\/kastelgroup.ro\/en\/wp-json\/wp\/v2\/types\/property"}],"author":[{"embeddable":true,"href":"https:\/\/kastelgroup.ro\/en\/wp-json\/wp\/v2\/users\/1"}],"replies":[{"embeddable":true,"href":"https:\/\/kastelgroup.ro\/en\/wp-json\/wp\/v2\/comments?post=3060771000"}],"version-history":[{"count":0,"href":"https:\/\/kastelgroup.ro\/en\/wp-json\/wp\/v2\/properties\/3060771000\/revisions"}],"wp:featuredmedia":[{"embeddable":true,"href":"https:\/\/kastelgroup.ro\/en\/wp-json\/wp\/v2\/media\/3060771001"}],"wp:attachment":[{"href":"https:\/\/kastelgroup.ro\/en\/wp-json\/wp\/v2\/media?parent=3060771000"}],"wp:term":[{"taxonomy":"property-type","embeddable":true,"href":"https:\/\/kastelgroup.ro\/en\/wp-json\/wp\/v2\/property-types?post=3060771000"},{"taxonomy":"property-status","embeddable":true,"href":"https:\/\/kastelgroup.ro\/en\/wp-json\/wp\/v2\/property-statuses?post=3060771000"},{"taxonomy":"property-city","embeddable":true,"href":"https:\/\/kastelgroup.ro\/en\/wp-json\/wp\/v2\/property-cities?post=3060771000"},{"taxonomy":"property-feature","embeddable":true,"href":"https:\/\/kastelgroup.ro\/en\/wp-json\/wp\/v2\/property-features?post=3060771000"}],"curies":[{"name":"wp","href":"https:\/\/api.w.org\/{rel}","templated":true}]}}

<p>Vă propunem spre închiriere o vilă cochetă, situată în zona Vatra Luminoasă, pe strada Aura Buzescu, într-un cadru liniștit și bine conectat la oraș.</p>
<p>Imobilul are o suprafață utilă de aproximativ 120 mp și este dispus pe Parter + Etaj 1 + Mansardă, având următoarea compartimentare:</p>
<p>Parter: bucătărie închisă, living, pivniță<br />
Etaj 1: 2 dormitoare și o baie<br />
Mansardă: open space și o baie</p>
<p>Proprietatea se închiriază complet mobilată și utilată, fiind pregătită pentru mutare imediată.</p>
<p>Beneficiază de curte liberă, cu o suprafață de 80 , ideală pentru relaxare sau petrecerea timpului în aer liber.</p>
<p>???? Zona oferă acces facil către magazine, mijloace de transport, școli și alte puncte de interes.</p>
<p>???? Preț de închiriere: 1600 euro/lună</p>
<p>Pentru mai multe detalii sau programarea unei vizionări, vă stăm la dispoziție.</p>

<p>Vă propunem spre închiriere o vilă cochetă, situată în zona Vatra Luminoasă, pe strada Aura Buzescu, într-un cadru liniștit și bine conectat la oraș. Imobilul are o suprafață utilă de aproximativ 120 mp și este dispus pe Parter + Etaj 1 + Mansardă, având următoarea compartimentare: Parter: bucătărie închisă, living, pivniță Etaj 1: 2 dormitoare [&hellip;]</p>
