{"id":2980303000,"date":"2026-04-29T07:19:29","date_gmt":"2026-04-29T07:19:29","guid":{"rendered":"https:\/\/kastelgroup.ro\/?post_type=property&p=2980303000"},"modified":"2026-04-29T07:19:29","modified_gmt":"2026-04-29T07:19:29","slug":"2-camere-tineretului-the-park-loc-de-parcare-terasa-69-mp-i-comision-0-cp2980303","status":"publish","type":"property","link":"https:\/\/kastelgroup.ro\/en\/property\/2-camere-tineretului-the-park-loc-de-parcare-terasa-69-mp-i-comision-0-cp2980303\/","title":{"rendered":"2 camere Tineretului &#8211; The Park &#8211; Loc de parcare &#8211; Teras\u0103 69 mp I Comision 0%"},"content":{"rendered":"<p>Descoper\u0103 un apartament de 2 camere situat \u00een The Park, o locuin\u021b\u0103 smart, confortabil\u0103 \u0219i cu una dintre cele mai generoase terase din \u00eentregul complex.<\/p>\n<p>Proprietatea are 118 mp, dintre care 49 mp utili este suprafa\u021ba apartamentului \u00eempreun\u0103 cu o teras\u0103 spectaculoas\u0103 de 69 mp, cu drept de construc\u021bie, amenajat\u0103 ca o gr\u0103din\u0103 privat\u0103: gazon, cire\u0219i, vi\u0219ini, iaz decorativ \u0219i zon\u0103 de gr\u0103tar. Un spa\u021biu intim \u0219i lini\u0219tit, perfect pentru relaxare zilnic\u0103, ideal pentru cei care \u00ee\u0219i doresc o oaz\u0103 de natur\u0103 \u00een mijlocul ora\u0219ului.<\/p>\n<p>Interiorul este eficient compartimentat, cu acces facil la nivelul parterului \u00eenalt, buc\u0103t\u0103rie \u00eenchis\u0103, baie cu cad\u0103, central\u0103 proprie pe gaz \u0219i aer condi\u021bionat.<\/p>\n<p>Locuin\u021ba este complet smart, cu control prin aplica\u021bie pentru:<br \/>\n\u2022 sistem de alarm\u0103 anti-efrac\u021bie<br \/>\n\u2022 video-interfon<br \/>\n\u2022 camer\u0103 video exterioar\u0103<br \/>\n\u2022 yal\u0103 inteligent\u0103 la intrare<br \/>\n\u2022 reglarea temperaturii (central\u0103\/AC)<br \/>\n\u2022 iluminat interior \u0219i exterior<\/p>\n<p>Complexul The Park este apreciat pentru arhitectura modern\u0103, peisagistica de inspira\u021bie nordic\u0103 \u0219i facilit\u0103\u021bile premium dedicate reziden\u021bilor:<br \/>\n\u2022 securitate 24\/7, paz\u0103 uman\u0103 \u0219i supraveghere video<br \/>\n\u2022 spa\u021bii comune impecabile \u0219i administrare profesionist\u0103<br \/>\n\u2022 lobby cu gr\u0103dini verticale<br \/>\n\u2022 Clubul Reziden\u021bilor \u2013 ideal pentru \u00eent\u00e2lniri, evenimente sau work-from-home<br \/>\n\u2022 zon\u0103 de gr\u0103tar, parcare biciclete, dou\u0103 locuri de joac\u0103<br \/>\n\u2022 acces rapid la Parcul Tineretului, metrou, magazine, \u0219coli, clinici \u0219i zone de relaxare<\/p>\n<p>O proprietate potrivit\u0103 pentru cei care \u00ee\u0219i doresc confort urban, facilit\u0103\u021bi premium \u0219i o teras\u0103 rar\u0103 ca m\u0103rime \u0219i amenajare. Ansamblul dispune de adapost ALA.<br \/>\nApartamentul se preda impreuna cu un loc de parcare la ADP.<\/p>\n<p>Pre\u021b v\u00e2nzare: 215.000 EUR<br \/>\nLoc de parcare subteran op\u021bional: 17.500 EUR + TVA (deductibil).<\/p>\n<p>Telefon: 0742 998 844<\/p>","protected":false},"excerpt":{"rendered":"<p>Descoper\u0103 un apartament de 2 camere situat \u00een The Park, o locuin\u021b\u0103 smart, confortabil\u0103 \u0219i cu una dintre cele mai generoase terase din \u00eentregul complex. Proprietatea are 118 mp, dintre care 49 mp utili este suprafa\u021ba apartamentului \u00eempreun\u0103 cu o teras\u0103 spectaculoas\u0103 de 69 mp, cu drept de construc\u021bie, amenajat\u0103 ca o gr\u0103din\u0103 privat\u0103: gazon, [&hellip;]<\/p>\n","protected":false},"author":1,"featured_media":2980303001,"parent":0,"menu_order":0,"comment_status":"closed","ping_status":"closed","template":"","property-types":[48],"property-statuses":[65],"property-cities":[17800],"property-features":[17692,17679,17681,17722,17690,17685,17686,17694,17723,17724,17772,17737,17738,17739,17689,17725,17691,17695,17756,17726,17683,17727,17680,17735,17684,17708,17754,17755,17715,17713,17716,17718,17682,17728,17721,17717],"_links":{"self":[{"href":"https:\/\/kastelgroup.ro\/en\/wp-json\/wp\/v2\/properties\/2980303000"}],"collection":[{"href":"https:\/\/kastelgroup.ro\/en\/wp-json\/wp\/v2\/properties"}],"about":[{"href":"https:\/\/kastelgroup.ro\/en\/wp-json\/wp\/v2\/types\/property"}],"author":[{"embeddable":true,"href":"https:\/\/kastelgroup.ro\/en\/wp-json\/wp\/v2\/users\/1"}],"replies":[{"embeddable":true,"href":"https:\/\/kastelgroup.ro\/en\/wp-json\/wp\/v2\/comments?post=2980303000"}],"version-history":[{"count":0,"href":"https:\/\/kastelgroup.ro\/en\/wp-json\/wp\/v2\/properties\/2980303000\/revisions"}],"wp:featuredmedia":[{"embeddable":true,"href":"https:\/\/kastelgroup.ro\/en\/wp-json\/wp\/v2\/media\/2980303001"}],"wp:attachment":[{"href":"https:\/\/kastelgroup.ro\/en\/wp-json\/wp\/v2\/media?parent=2980303000"}],"wp:term":[{"taxonomy":"property-type","embeddable":true,"href":"https:\/\/kastelgroup.ro\/en\/wp-json\/wp\/v2\/property-types?post=2980303000"},{"taxonomy":"property-status","embeddable":true,"href":"https:\/\/kastelgroup.ro\/en\/wp-json\/wp\/v2\/property-statuses?post=2980303000"},{"taxonomy":"property-city","embeddable":true,"href":"https:\/\/kastelgroup.ro\/en\/wp-json\/wp\/v2\/property-cities?post=2980303000"},{"taxonomy":"property-feature","embeddable":true,"href":"https:\/\/kastelgroup.ro\/en\/wp-json\/wp\/v2\/property-features?post=2980303000"}],"curies":[{"name":"wp","href":"https:\/\/api.w.org\/{rel}","templated":true}]}}

2 camere Tineretului &#8211; The Park &#8211; Loc de parcare &#8211; Terasă 69 mp I Comision 0%

<p>Descoperă un apartament de 2 camere situat în The Park, o locuință smart, confortabilă și cu una dintre cele mai generoase terase din întregul complex.</p>
<p>Proprietatea are 118 mp, dintre care 49 mp utili este suprafața apartamentului împreună cu o terasă spectaculoasă de 69 mp, cu drept de construcție, amenajată ca o grădină privată: gazon, cireși, vișini, iaz decorativ și zonă de grătar. Un spațiu intim și liniștit, perfect pentru relaxare zilnică, ideal pentru cei care își doresc o oază de natură în mijlocul orașului.</p>
<p>Interiorul este eficient compartimentat, cu acces facil la nivelul parterului înalt, bucătărie închisă, baie cu cadă, centrală proprie pe gaz și aer condiționat.</p>
<p>Locuința este complet smart, cu control prin aplicație pentru:<br />
• sistem de alarmă anti-efracție<br />
• video-interfon<br />
• cameră video exterioară<br />
• yală inteligentă la intrare<br />
• reglarea temperaturii (centrală/AC)<br />
• iluminat interior și exterior</p>
<p>Complexul The Park este apreciat pentru arhitectura modernă, peisagistica de inspirație nordică și facilitățile premium dedicate rezidenților:<br />
• securitate 24/7, pază umană și supraveghere video<br />
• spații comune impecabile și administrare profesionistă<br />
• lobby cu grădini verticale<br />
• Clubul Rezidenților – ideal pentru întâlniri, evenimente sau work-from-home<br />
• zonă de grătar, parcare biciclete, două locuri de joacă<br />
• acces rapid la Parcul Tineretului, metrou, magazine, școli, clinici și zone de relaxare</p>
<p>O proprietate potrivită pentru cei care își doresc confort urban, facilități premium și o terasă rară ca mărime și amenajare. Ansamblul dispune de adapost ALA.<br />
Apartamentul se preda impreuna cu un loc de parcare la ADP.</p>
<p>Preț vânzare: 215.000 EUR<br />
Loc de parcare subteran opțional: 17.500 EUR + TVA (deductibil).</p>
<p>Telefon: 0742 998 844</p>

<p>Descoperă un apartament de 2 camere situat în The Park, o locuință smart, confortabilă și cu una dintre cele mai generoase terase din întregul complex. Proprietatea are 118 mp, dintre care 49 mp utili este suprafața apartamentului împreună cu o terasă spectaculoasă de 69 mp, cu drept de construcție, amenajată ca o grădină privată: gazon, [&hellip;]</p>
